 divisor of 82520 and 80.
40
What is the greatest common divisor of 13317 and 87?
3
Calculate the greatest common divisor of 69486 and 444.
222
Calculate the highest common divisor of 3402 and 156006.
486
Calculate the greatest common divisor of 6016 and 19928.
376
Calculate the greatest common factor of 77736 and 8610.
246
Calculate the greatest common divisor of 353025 and 2025.
675
Calculate the greatest common divisor of 4644 and 16.
4
Calculate the greatest common divisor of 2417278 and 5752.
1438
What is the greatest common divisor of 620895 and 2385?
795
Calculate the highest common divisor of 190 and 1642835.
95
What is the highest common divisor of 108 and 39582?
54
Calculate the greatest common factor of 718 and 70723.
359
What is the greatest common factor of 60 and 174525?
15
What is the greatest common divisor of 73 and 1470731?
73
What is the greatest common divisor of 25524746 and 37?
37
What is the highest common factor of 63 and 763?
7
Calculate the greatest common divisor of 1414 and 210.
14
Calculate the greatest common factor of 1540 and 338140.
220
What is the greatest common factor of 44446 and 34430?
626
What is the greatest common factor of 6154 and 23953?
17
What is the greatest common factor of 6 and 37902?
6
Calculate the greatest common factor of 84 and 943425.
21
What is the greatest common factor of 6533805 and 103?
103
What is the greatest common factor of 1221 and 33189?
111
What is the highest common divisor of 428 and 2847484?
428
Calculate the highest common factor of 59466 and 528.
66
Calculate the highest common factor of 3075 and 984.
123
What is the greatest common divisor of 88 and 29332?
4
Calculate the highest common divisor of 63859 and 133.
19
What is the greatest common factor of 1572 and 7524?
12
What is the highest common factor of 2520 and 1082760?
840
Calculate the greatest common factor of 70572 and 16.
4
Calculate the greatest common factor of 54504 and 432.
72
Calculate the greatest common divisor of 39370 and 267335.
635
Calculate the greatest common factor of 60 and 191320.
20
What is the highest common factor of 54 and 253179?
27
What is the highest common divisor of 336 and 71127?
21
What is the highest common factor of 8008 and 5278?
182
What is the greatest common factor of 576 and 210?
6
Calculate the highest common factor of 30 and 16362.
6
Calculate the greatest common divisor of 10 and 64010.
10
What is the highest common divisor of 116 and 1749512?
116
Calculate the greatest common divisor of 22780 and 2814.
134
What is the greatest common divisor of 424 and 108226?
106
What is the greatest common factor of 333 and 117?
9
Calculate the highest common divisor of 696 and 7192.
232
What is the greatest common factor of 24 and 248064?
24
Calculate the greatest common divisor of 4194 and 1468832.
466
What is the highest common divisor of 255 and 256530?
255
What is the highest common factor of 3842080 and 111?
37
Calculate the highest common factor of 141759 and 5472.
171
What is the highest common factor of 928 and 159024?
16
What is the highest common factor of 38 and 1006?
2
Calculate the highest common factor of 577122 and 42.
42
Calculate the highest common divisor of 573710 and 2060.
1030
Calculate the greatest common divisor of 306054 and 13818.
294
What is the highest common factor of 2526355 and 65?
65
What is the greatest common divisor of 820 and 1845?
205
Calculate the highest common factor of 17913 and 475121.
853
Calculate the highest common factor of 436 and 37387.
109
Calculate the greatest common divisor of 6105 and 217745.
2035
Calculate the highest common divisor of 264955 and 285.
95
Calculate the greatest common divisor of 135 and 378990.
45
What is the greatest common factor of 1791 and 3726474?
597
What is the greatest common divisor of 52393 and 105219?
433
Calculate the highest common factor of 45 and 7389.
9
Calculate the highest common factor of 776 and 4559.
97
What is the greatest common divisor of 1218 and 672?
42
Calculate the greatest common divisor of 1153814 and 959.
137
What is the greatest common factor of 4 and 2146832?
4
Calculate the greatest common factor of 4277835 and 45.
45
Calculate the greatest common factor of 75677 and 7397.
569
Calculate the highest common factor of 21509 and 3151.
137
What is the highest common divisor of 4916 and 284?
4
Calculate the highest common divisor of 14620 and 279973.
731
Calculate the greatest common factor of 3 and 29217.
3
Calculate the greatest common factor of 11866 and 476.
34
What is the highest common divisor of 40 and 60820?
20
What is the highest common factor of 208 and 592?
16
What is the highest common factor of 8358 and 151638?
1194
What is the greatest common divisor of 191592 and 432?
216
What is the greatest common divisor of 2738 and 11914?
74
What is the highest common divisor of 123 and 519839?
41
What is the highest common divisor of 74 and 48211?
37
What is the greatest common factor of 34590 and 150?
30
What is the greatest common factor of 3210 and 26643?
321
Calculate the highest common factor of 41975 and 2920.
365
Calculate the highest common factor of 18989 and 544.
17
What is the highest common divisor of 8272 and 198?
22
What is the greatest common factor of 516 and 8844?
12
What is the highest common divisor of 13 and 49127?
13
What is the greatest common factor of 150277 and 206?
103
What is the greatest common divisor of 1150942 and 52?
26
Calculate the greatest common divisor of 43 and 205669.
43
What is the highest common divisor of 95055 and 15?
15
Calculate the highest common divisor of 277768 and 16.
8
Calculate the highest common divisor of 953 and 53.
1
What is the greatest common factor of 9 and 434?
1
What is the greatest common factor of 126 and 3108?
42
Calculate the highest common divisor of 148708 and 364.
28
What is the highest common factor of 42093 and 108?
27
Calculate the highest common factor of 15 and 933435.
15
What is the greatest common divisor of 605896 and 65734?
2858
Calculate the highest common divisor of 21 and 47010.
3
Calculate the highest common factor of 66 and 1977.
3
Calculate the highest common divisor of 105 and 8910.
15
What is the greatest common divisor of 7192 and 18328?
232
What is the greatest common factor of 33496 and 51304?
424
What is the highest common factor of 2776617 and 106?
53
Calculate the highest common factor of 230 and 90.
10
Calculate the highest common factor of 1335 and 7743.
267
Calculate the greatest common divisor of 560720 and 57376.
2608
Calculate the greatest common divisor of 92443 and 167929.
547
What is the highest common divisor of 1127631 and 1626?
813
What is the highest common factor of 4597957 and 21?
7
What is the greatest common factor of 12578 and 10592?
662
What is the highest common divisor of 4525 and 19500?
25
Calculate the greatest common divisor of 146214 and 36.
18
Calculate the greatest common factor of 272 and 425.
17
What is the greatest common factor of 290844 and 162?
54
Calculate the greatest common divisor of 250 and 43580.
10
What is the greatest common divisor of 387 and 9?
9
What is the greatest common factor of 147 and 142737?
147
Calculate the highest common factor of 172 and 55642.
86
Calculate the greatest common factor of 10 and 1586.
2
Calculate the greatest common divisor of 11864 and 312.
8
What is the greatest common factor of 1996 and 2418154?
998
What is the highest common divisor of 176 and 529551?
11
What is the greatest common divisor of 2220 and 2325450?
1110
Calculate the greatest common divisor of 30 and 54790.
10
What is the greatest common divisor of 20 and 51685?
5
What is the greatest common divisor of 1898 and 2?
2
Calculate the greatest common divisor of 8602 and 53176.
782
What is the greatest common divisor of 903 and 2366763?
903
What is the greatest common divisor of 488 and 6161?
61
Calculate the greatest common divisor of 239930 and 15.
5
What is the highest common divisor of 502970 and 6570?
730
Calculate the greatest common divisor of 1232667 and 9.
9
What is the highest common divisor of 38 and 48697?
19
Calculate the highest common divisor of 908 and 7636.
4
What is the greatest common divisor of 112 and 18809?
7
What is the greatest common factor of 